t of a?
1
Let j(b) = -2*b**3 + 10*b**2 - 11*b + 33. Let r be j(4). Let h be (-32)/10 - 3/(-15). What is the units digit of (-28)/r*h/2?
2
Let k = 184 + -72. Let s be (-9)/2*k/24. What is the tens digit of (-288)/s + 6/21?
1
Let v be (-26)/(-5) + (3 - 64/20). What is the units digit of (-1 + 3 - -8)/(7 - v)?
5
Let g(a) = a**2 - 6*a - 3. Let s be g(6). What is the units digit of 18/5 + (-102)/(-30) + s?
4
Suppose 4*i + 4 = 3*q, 0 = 2*i - 3*i - 3*q - 1. Let c be (15 - 5)*i/(-2). Suppose -2*k - 9 = -o - 3*k, 4*k = c*o - 45. What is the units digit of o?
9
Let q(h) = 27*h + 6. Let g(p) = -p. Let a(x) = -6*g(x) + q(x). What is the tens digit of a(2)?
7
Suppose 22*f - 3*l = 17*f + 8046, 2*f - l = 3218. What is the tens digit of f?
0
Suppose -3*t + 13 - 4 = 0. Suppose t*x + 1 = 19. Suppose x + 6 = 2*j. What is the units digit of j?
6
Let u = 23 + -21. Suppose u*t = 4*b + 26, 2*b = 4*t - b - 27. What is the units digit of t?
3
Let i(h) = -96*h + 187. What is the tens digit of i(-4)?
7
Suppose -2*t = -110 + 16. What is the units digit of t?
7
Suppose 54*h - 133593 = 17283. What is the tens digit of h?
9
Suppose 4*o = -4*j + 20, -o - 2*j - 32 = -6*o. Suppose o*q - q = -2*s - 16, -4*s - 3*q = 4. Suppose s*w + 2 = 4*w. What is the units digit of w?
1
Let k = -45 + 46. Let r = k - -75. What is the tens digit of r?
7
Suppose 24*v - 2*v = 836. What is the units digit of v?
8
Suppose -9*s + 42 = -7*s. Let z = 11 + s. What is the units digit of z?
2
Let l(b) = -b**3 + 9*b**2 - 8*b + 2. Let g be l(8). Suppose -g*a - 85 = -3*a + 3*k, -2*a + 180 = -4*k. What is the hundreds digit of a?
1
Suppose -69*k - 390 = -64*k. Let b = k + 108. What is the tens digit of b?
3
Suppose 13*y - 1835 - 674 = 0. Let q = -7 + y. What is the units digit of q?
6
Let h(s) = -s**2 - 8*s - 1. Let p be h(-9). Let j(o) = 101*o - 206*o + 1 + 100*o. What is the tens digit of j(p)?
5
Suppose 2*v = -g - 10, 5*g - 15 = -v + 4*v. Suppose g*k + 540 = 5*k. What is the tens digit of k?
0
Suppose 8*n - 38 = 10*n. Let m = -20 - n. What is the units digit of 12/2 - (m - 1)?
8
Let f(u) = 18*u**2 - 16*u + 201. What is the tens digit of f(-14)?
5
Let u(a) = -a - 1. Let v(d) = -d**2 - 11*d - 4. Let b(c) = 2*u(c) - v(c). What is the tens digit of b(-14)?
7
Let s(v) = -12*v + 46. What is the units digit of s(-9)?
4
Suppose -14*g = -3417 - 1679. What is the units digit of g?
4
What is the thousands digit of 1316 - 2*9/(-18)?
1
Let f = 142 + -91. Suppose 3*h + 2*b = 116, -b + f = 4*h - 112. What is the tens digit of -1 + 1 + h/3?
1
Let c(x) be the first derivative of -x**2/2 + 11*x - 6. Let z be c(10). Let m = z + 1. What is the units digit of m?
2
Let v = 4 - -2. Let f(j) = -j**3 + 8*j**2 - 9*j - 11. What is the units digit of f(v)?
7
Suppose j - 186 = 14. Suppose -38 + j = 3*y. What is the tens digit of y?
5
Let h(k) = 3*k**2 - 16*k - 30. Let i be h(17). Suppose -4*w = -i - 15. What is the hundreds digit of w?
1
Suppose -21*u = -19*u + 6. Let c(b) be the third derivative of -13*b**4/24 - 5*b**3/6 - 4*b**2. What is the units digit of c(u)?
4
Let v(l) = 37*l + 10. Let t be v(5). Suppose -t = -69*w + 66*w. What is the tens digit of w?
6
Let t(b) = b**2 - 5*b - 123. Let c be t(0). What is the units digit of -2*(1 - c/(-6))?
9
Let h(o) = -o**3 - 18*o**2 - 15*o + 2. Suppose 8*n = -9*n - 306. What is the hundreds digit of h(n)?
2
Let b(f) = -6*f**2 + 3*f - 15. Let q(a) = 3*a**2 - 2*a + 8. Let o be (6 - 7)/(2/14). Let g(t) = o*q(t) - 4*b(t). What is the tens digit of g(3)?
3
Let m(n) be the third derivative of -n**4/24 + 3*n**3/2 - 2*n**2. Let l(u) = u**2 - 7*u + 5. Let j be l(7). What is the units digit of m(j)?
4
Let q(x) = -119*x**3 - 28*x**2 - 10*x - 24. What is the thousands digit of q(-3)?
2
Let l(y) = 464*y**2 + y - 1. What is the hundreds digit of l(1)?
4
Suppose 14*c - 6*c - 2112 = 0. What is the hundreds digit of c?
2
Suppose -3*f + 2*i + 0*i = 35, 0 = 4*f + i + 32. Let m = 15 - f. What is the tens digit of m?
2
Let d(o) = 18*o - 465. What is the hundreds digit of d(43)?
3
Let p(t) = 2*t + 17. Let s be p(-7). Suppose -5*y = -q - 13, 0 = s*y - 4*q - 14 - 4. What is the units digit of 25*2/y*1?
5
Suppose 3*y = -2*d - 5, 0 = -2*d - 3*d + 5*y + 50. Suppose -5*k + 3*c - 1 - 2 = 0, 0 = 4*k + d*c - 5. Suppose k*x + x = 4. What is the units digit of x?
4
Let r = 269 + -143. What is the tens digit of r?
2
Suppose 6 = -l - 12. What is the units digit of (1 - 0)/((-6)/l)?
3
Let j(z) = -z**3 + 2*z**2 + 2*z + 1. Let l be j(-1). Suppose -156 = -2*g - 3*q + l*q, 4*g - 306 = q. What is the units digit of g?
7
Let d = -14 - -17. Suppose d = -11*n + 12*n. Suppose -2*r = -4*c + 86, -n*r - 103 = -5*c + r. What is the tens digit of c?
2
Suppose j + b + b - 598 = 0, 2*b - 2362 = -4*j. What is the tens digit of j?
8
Suppose -t + r = -79, -5*t + t + r = -316. What is the tens digit of t?
7
Let x be -1 - (46/(-14) + (-10)/(-35)). Suppose x*y = -5*z + 987, -6*y = 4*z - 11*y - 783. What is the hundreds digit of z?
1
What is the units digit of (36/21)/(3 - (-4195)/(-1400))?
0
Let v(w) = -33*w + 2. Let c be v(1). Let q = -26 - c. Suppose -3*y + b = -32, 7 = q*y + 4*b - 69. What is the tens digit of y?
1
Let u(g) = -2*g**3 + 2*g**2 + 9*g. What is the hundreds digit of u(-4)?
1
Suppose 2*r + 0*r = -4*j + 14, 2*j - 11 = 3*r. Suppose 2*y + 10 = 0, -n + 3*y = j*y + 4. What is the units digit of 3 - n - (-4 + 0)?
6
Suppose -5*g = 2*c - 1775, 2*c - 699 = -2*g - c. What is the tens digit of g?
5
Let p be (-1)/6 + 85/6. Suppose -4*l - 2*d = 170, -5*l + 3*d - 221 = -p. Let r = 2 - l. What is the units digit of r?
4
Suppose 10*l + 5 - 25 = 0. Suppose -5*j + l*v + 1223 = 0, 4*j + 0*j - 983 = -3*v. What is the units digit of j?
5
Let h(d) = -d**2 + 16*d - 36. Let t be h(13). Suppose -5*v + 22 = -2*s + t*s, 0 = 5*s - 10. What is the units digit of v?
4
Suppose -g + 2*g - 5 = 0. Suppose -g*p = -113 - 132. What is the units digit of p?
9
Let q = 10 + -10. Suppose -5*n + 2*r = -8, 0 = 3*n - q*r + 4*r + 16. Suppose -w + 10 + 20 = n. What is the tens digit of w?
3
Let l = 384 + 291. What is the hundreds digit of l?
6
Suppose 0 = -0*i + 2*i. Suppose 4*q - 34 - 26 = i. Let p = q + -8. What is the units digit of p?
7
Let n = -15 + 80. Suppose -70*a + 215 = -n*a. What is the units digit of a?
3
Let q = -150 - -256. What is the tens digit of q?
0
Let m = 33 - 33. Suppose -7 = h - 2, v - 5*h - 135 = m. What is the units digit of v?
0
Suppose -28 - 11 = -3*n. Let d = 69 - n. What is the units digit of d?
6
Let d be ((-50)/40)/(2/(-8)). Suppose d*h + 15 = 0, p - 4*h - 59 = -9*h. What is the tens digit of p?
7
Let r(k) = k**2 - 10*k - 11. Let f be (0 + 2/4)/(5/(-60)). What is the tens digit of r(f)?
8
Let m = -4 - -6. Suppose 4 = 4*x - 2*d - m, 3*d = -3*x + 9. Suppose 0 = -3*f + x*f + 6. What is the units digit of f?
6
Let z = 3633 + -1957. What is the units digit of z?
6
Let f be 8/(-10)*20/(-8). Suppose -f*q = -0*z + z - 168, 343 = 2*z - 3*q. What is the tens digit of z?
7
Let d(y) = -y**3 - 5*y**2 + 6*y + 4. Let x be d(-6). Suppose x*w - 3*w = 282. What is the hundreds digit of w?
2
Suppose 15*b - b = 4928. What is the tens digit of b?
5
Suppose -3*y + 205 = -t - 3*t, 4*t - 363 = -5*y. Suppose 0 = 4*x - 533 - y. What is the hundreds digit of x?
1
Let q(p) = -8*p**3 + 2*p + 1. Let l(y) = -y**3 + 16*y**2 - 14*y - 17. Let k be l(15). What is the units digit of q(k)?
1
Let g = 16 + -10. Suppose g = -9*s + 11*s. Suppose -s*o - 120 = -7*o. What is the units digit of o?
0
Let u be 4 - (-1 + 0 + 1). Suppose -3*o - 3 + 5 = u*v, 0 = 3*o - 2*v + 10. What is the tens digit of 48/(o*(-3)/4)?
3
Suppose 3*y + 56 = 10*y. Suppose 0 = u - y - 13. What is the units digit of u?
1
Suppose -2320 = 131*z - 135*z. Suppose -10 - z = -5*l. What is the units digit of l?
8
What is the hundreds digit of 264*-1*(-70)/40?
4
Let h be (0/2)/(-5 - -3). Suppose h = -2*y + 3*y - 2. What is the units digit of y?
2
Let z(q) = 89*q**2 - 12*q - 69. What is the tens digit of z(-4)?
0
Let o(r) = 3*r**3 + r**2. Let g be o(-1). Let l be (16/3)/(1/15). What is the units digit of (3/g)/((-6)/l)?
0
Let s = -29 + 113. Suppose 0*q - 3*q + 2*g = -56, s = 4*q - 5*g. Let a = q - -3. What is the tens digit of a?
1
Let o = -614 + 2927. What is the tens digit of o?
1
Let c be (7/(-14))/(1 + 555/(-558)). What